 of 33910855?
True
Is 246 a factor of 149672919?
False
Is 52005431 a multiple of 12?
False
Is 41151915 a multiple of 276?
False
Is 106117430 a multiple of 410?
True
Does 355 divide 1927006385?
True
Is 38124625 a multiple of 935?
True
Does 689 divide 2113019292?
False
Does 45 divide 21660885?
True
Is 227927322 a multiple of 21?
True
Is 142106338 a multiple of 2820?
False
Is 220832678 a multiple of 1193?
False
Does 4980 divide 673644600?
True
Is 135 a factor of 1172909295?
True
Is 33 a factor of 4511661?
True
Does 21 divide 51149878?
False
Is 19612643 a multiple of 2?
False
Does 19 divide 15640476?
False
Is 169859795 a multiple of 1685?
True
Does 165 divide 297104775?
True
Is 6 a factor of 3347414514?
True
Is 2132 a factor of 145308592?
True
Does 2136 divide 1337895703?
False
Is 7 a factor of 814048421?
False
Is 38 a factor of 367019963?
False
Is 147501788 a multiple of 28?
True
Is 1358354528 a multiple of 32?
True
Is 32537273 a multiple of 19?
False
Is 8 a factor of 14726792?
True
Is 474858825 a multiple of 1149?
False
Does 4 divide 522158?
False
Does 10 divide 69112713?
False
Is 61115022 a multiple of 397?
False
Does 3481 divide 163446874?
True
Does 7107 divide 1133850314?
False
Does 8 divide 117679448?
True
Is 50 a factor of 883989550?
True
Does 26 divide 2178720622?
True
Is 67581805 a multiple of 16?
False
Is 90508697 a multiple of 1369?
True
Is 161491778 a multiple of 2445?
False
Is 151592932 a multiple of 502?
False
Is 482100993 a multiple of 6?
False
Does 356 divide 1521575840?
False
Is 5484 a factor of 2769058056?
True
Is 15 a factor of 96587468?
False
Does 723 divide 54629880?
True
Is 85 a factor of 22483951?
False
Does 6 divide 191655?
False
Does 25 divide 28755820?
False
Is 250037123 a multiple of 223?
False
Is 1383 a factor of 19155933?
True
Does 44 divide 281820?
True
Is 192 a factor of 750642327?
False
Is 9 a factor of 934472871?
True
Is 131738232 a multiple of 175?
False
Is 424545293 a multiple of 24?
False
Is 1032 a factor of 26140560?
True
Is 76 a factor of 1912797488?
True
Does 5 divide 37894614?
False
Is 27018000 a multiple of 570?
True
Is 77 a factor of 29500240?
True
Does 1008 divide 276609625?
False
Does 402 divide 103845880?
False
Is 7 a factor of 245650965?
True
Is 49087456 a multiple of 16?
True
Is 99991264 a multiple of 607?
False
Does 2850 divide 128464376?
False
Does 42 divide 1954018000?
False
Is 64 a factor of 712434?
False
Is 54 a factor of 879264504?
True
Is 2311 a factor of 118015837?
True
Is 126798787 a multiple of 823?
True
Is 1407548 a multiple of 29?
False
Is 2450 a factor of 610604811?
False
Is 2561789200 a multiple of 80?
True
Is 13981574 a multiple of 43?
False
Is 4 a factor of 41404967?
False
Is 36368056 a multiple of 16?
False
Is 1712448770 a multiple of 698?
True
Is 313460820 a multiple of 108?
True
Is 49053694 a multiple of 109?
False
Does 46 divide 22636120?
False
Is 831497564 a multiple of 11?
False
Does 1732 divide 87841844?
True
Is 4101986 a multiple of 133?
True
Is 12496130 a multiple of 115?
True
Is 96 a factor of 207380928?
True
Does 1313 divide 66731912?
True
Does 71 divide 1048207222?
True
Is 1165 a factor of 631303015?
True
Is 4 a factor of 44993936?
True
Does 85 divide 1338481537?
False
Is 18 a factor of 21082488?
False
Does 16 divide 27144941?
False
Is 13874036 a multiple of 197?
False
Does 860 divide 21784413?
False
Is 889 a factor of 2478740915?
True
Is 6 a factor of 60938676?
True
Does 240 divide 1210135920?
True
Does 1337 divide 559576929?
False
Does 10 divide 34554216?
False
Does 2146 divide 56832518?
True
Does 21 divide 22039114?
False
Is 106535828 a multiple of 59?
True
Is 4425660 a multiple of 15?
True
Does 1348 divide 145551648?
True
Is 1843 a factor of 37092692?
False
Is 481512500 a multiple of 1250?
True
Is 197 a factor of 148538586?
False
Does 5485 divide 187338589?
False
Is 32478891 a multiple of 46?
False
Does 23 divide 368241914?
True
Is 7 a factor of 4148606?
True
Does 78 divide 90979645?
False
Does 16 divide 60090336?
True
Does 3 divide 11787582?
True
Is 770 a factor of 113584716?
False
Does 7 divide 175307489?
True
Is 333606720 a multiple of 60?
True
Does 39 divide 855107253?
True
Is 105313881 a multiple of 140?
False
Is 107396900 a multiple of 360?
False
Does 2325 divide 691142816?
False
Is 6005080241 a multiple of 37?
False
Is 16 a factor of 45653848?
False
Is 8 a factor of 217801688?
True
Does 14 divide 1309881636?
True
Does 47 divide 93630486?
True
Does 2971 divide 407344897?
True
Is 18 a factor of 27283019?
False
Is 387 a factor of 1234135887?
False
Is 86 a factor of 7136968?
True
Is 21824106 a multiple of 6?
True
Is 3662 a factor of 131017654?
False
Is 1989 a factor of 214404255?
True
Is 680610480 a multiple of 1019?
True
Is 1382827 a multiple of 24?
False
Is 9 a factor of 524118024?
True
Is 4310515485 a multiple of 5082?
False
Is 8745095 a multiple of 5?
True
Is 42 a factor of 295028412?
True
Does 1927 divide 149390591?
False
Is 28 a factor of 717304?
True
Does 13 divide 61154522?
True
Is 26278500 a multiple of 10?
True
Does 1255 divide 694548399?
False
Does 25 divide 7155750?
True
Is 4008341866 a multiple of 2652?
False
Does 945 divide 360620150?
False
Is 4 a factor of 17530952?
True
Is 22 a factor of 216582103?
False
Is 71 a factor of 53530348?
False
Does 10 divide 825004665?
False
Is 115 a factor of 9504175?
True
Is 1280 a factor of 164245760?
True
Does 27 divide 581739?
False
Is 45 a factor of 21696300?
True
Is 71 a factor of 363093956?
False
Does 12 divide 168370036?
False
Is 16 a factor of 140277024?
True
Does 8386 divide 2098710934?
False
Is 88 a factor of 37422571?
False
Is 705 a factor of 1745404312?
False
Is 19272940 a multiple of 590?
True
Does 246 divide 22297270?
False
Is 2470205270 a multiple of 14?
False
Does 217 divide 7374962?
True
Does 590 divide 9097915?
False
Is 281 a factor of 2817806143?
False
Is 7 a factor of 25026631?
True
Is 19886930 a multiple of 3?
False
Is 408967896 a multiple of 2182?
True
Is 198 a factor of 15628248?
False
Is 892393926 a multiple of 6388?
False
Does 247 divide 1132167223?
False
Is 30268164 a multiple of 2641?
False
Is 7 a factor of 848430905?
True
Does 59 divide 7835967?
True
Does 4 divide 637385144?
True
Does 1297 divide 55287224?
False
Is 6185545200 a multiple of 1908?
True
Does 146 divide 56355854?
True
Is 3 a factor of 87554186?
False
Does 315 divide 35184555?
True
Is 2569 a factor of 116581376?
False
Is 2737 a factor of 448009141?
False
Is 192113409 a multiple of 4911?
True
Does 9 divide 553347715?
False
Is 237197772 a multiple of 252?
True
Does 12 divide 222748707?
False
Does 67 divide 21593028?
True
Is 10 a factor of 1595950060?
True
Is 1194318240 a multiple of 480?
True
Does 25 divide 281714944?
False
Does 734 divide 205366594?
True
Does 312 divide 3797158?
False
Is 2994 a factor of 78886175?
False
Is 390495463 a multiple of 407?
False
Is 24412245 a multiple of 209?
True
Is 21 a factor of 1009680?
True
Is 46982819 a multiple of 233?
True
Is 24 a factor of 241930296?
True
Is 32297584 a multiple of 73?
False
Is 47 a factor of 1083692771?
True
Is 3 a factor of 511332?
True
Does 1020 divide 165287148?
False
Is 38133557 a multiple of 30?
False
Does 4 divide 18816011?
False
Is 43 a factor of 388538110?
True
Is 35 a factor of 20481066?
False
Is 1817581740 a multiple of 10001?
True
Is 6617850 even?
True
Is 1069 a factor of 36808930?
False
Does 76 divide 716250828?
True
Is 681790604 a multiple of 480?
False
Does 9392 divide 4610138336?
True
Is 47 a factor of 39503798?
False
Is 964636303 a multiple of 1148?
False
Is 383674422 a multiple of 438?
True
Is 582 a factor of 13355736?
True
Is 2139 a factor of 222945831?
True
Is 15 a factor of 283394212?
False
Is 204 a factor of 1342519?
False
Is 97559333 a multiple of 94?
False
Is 372 a factor of 5949024?
True
Does 3576 divide 28796935?
False
Is 26727942 a multiple of 981?
False
Is 26 a factor of 5618485?
False
Does 17 divide 18592638?
False
Does 146 divide 18404195?
False
Is 123630383 a multiple of 2714?
False
Is 5725 a factor of 1176905425?
True
Is 1835 a factor of 76660616?
False
Does 232 divide 199816363?
False
Does 1156 divide 108054788?
True
Does 12 divide 882245388?
True
Is 49604888 a multiple of 23?
False
Is 78 a factor of 9187152?
True
Is 130 a factor of 1021400235